?
5
What is the ten thousands digit of 419466?
1
What is the tens digit of 443531?
3
What is the thousands digit of 9680121?
0
What is the tens digit of 32984?
8
What is the hundreds digit of 446246?
2
What is the ten thousands digit of 2285402?
8
What is the units digit of 115688?
8
What is the hundred thousands digit of 11456336?
4
What is the hundred thousands digit of 2276357?
2
What is the thousands digit of 411693?
1
What is the millions digit of 20272418?
0
What is the thousands digit of 10257432?
7
What is the units digit of 3640552?
2
What is the hundreds digit of 5542223?
2
What is the ten thousands digit of 25383170?
8
What is the units digit of 893556?
6
What is the hundred thousands digit of 3098317?
0
What is the hundreds digit of 125316?
3
What is the ten thousands digit of 592200?
9
What is the millions digit of 2411054?
2
What is the units digit of 6389654?
4
What is the units digit of 6972073?
3
What is the tens digit of 130839?
3
What is the tens digit of 550560?
6
What is the tens digit of 494861?
6
What is the units digit of 1066066?
6
What is the ten thousands digit of 6185507?
8
What is the ten thousands digit of 1304414?
0
What is the hundred thousands digit of 21796448?
7
What is the millions digit of 12812375?
2
What is the tens digit of 818067?
6
What is the tens digit of 246307?
0
What is the hundreds digit of 659701?
7
What is the units digit of 2176678?
8
What is the thousands digit of 19946108?
6
What is the hundreds digit of 815764?
7
What is the units digit of 5833466?
6
What is the tens digit of 3066848?
4
What is the hundreds digit of 778503?
5
What is the hundreds digit of 99024?
0
What is the thousands digit of 71966?
1
What is the units digit of 1562079?
9
What is the thousands digit of 28739708?
9
What is the thousands digit of 10763308?
3
What is the units digit of 1548420?
0
What is the units digit of 402504?
4
What is the units digit of 3912?
2
What is the millions digit of 26125822?
6
What is the hundred thousands digit of 4710953?
7
What is the hundred thousands digit of 304538?
3
What is the hundred thousands digit of 214122?
2
What is the ten thousands digit of 332032?
3
What is the millions digit of 6157956?
6
What is the thousands digit of 989714?
9
What is the ten thousands digit of 947837?
4
What is the thousands digit of 960338?
0
What is the millions digit of 12662196?
2
What is the ten thousands digit of 2817479?
1
What is the tens digit of 1753575?
7
What is the ten thousands digit of 349356?
4
What is the thousands digit of 289609?
9
What is the hundreds digit of 39707?
7
What is the thousands digit of 903904?
3
What is the hundred thousands digit of 1285934?
2
What is the thousands digit of 66246?
6
What is the ten thousands digit of 9902162?
0
What is the ten thousands digit of 21259?
2
What is the hundred thousands digit of 1034698?
0
What is the units digit of 586909?
9
What is the units digit of 5928217?
7
What is the hundreds digit of 18088312?
3
What is the millions digit of 33457033?
3
What is the hundreds digit of 698823?
8
What is the tens digit of 2073947?
4
What is the ten thousands digit of 1957276?
5
What is the hundred thousands digit of 142821?
1
What is the millions digit of 6963023?
6
What is the hundreds digit of 630703?
7
What is the hundred thousands digit of 11743806?
7
What is the thousands digit of 335546?
5
What is the hundreds digit of 33887742?
7
What is the tens digit of 958039?
3
What is the units digit of 5448036?
6
What is the hundreds digit of 1115948?
9
What is the units digit of 1482546?
6
What is the tens digit of 1705146?
4
What is the units digit of 10589337?
7
What is the ten thousands digit of 6357144?
5
What is the thousands digit of 12110953?
0
What is the units digit of 1585420?
0
What is the tens digit of 335005?
0
What is the thousands digit of 548319?
8
What is the thousands digit of 5014613?
4
What is the thousands digit of 9220602?
0
What is the ten thousands digit of 1844482?
4
What is the hundred thousands digit of 508188?
5
What is the ten thousands digit of 6118427?
1
What is the hundred thousands digit of 1892228?
8
What is the ten thousands digit of 307011?
0
What is the thousands digit of 1732447?
2
What is the hundred thousands digit of 292063?
2
What is the millions digit of 14361260?
4
What is the ten thousands digit of 1225885?
2
What is the millions digit of 7440028?
7
What is the millions digit of 1333016?
1
What is the units digit of 104298?
8
What is the tens digit of 1417061?
6
What is the tens digit of 174099?
9
What is the tens digit of 249529?
2
What is the units digit of 600341?
1
What is the hundreds digit of 9053?
0
What is the thousands digit of 15707220?
7
What is the hundreds digit of 3519277?
2
What is the ten thousands digit of 409445?
0
What is the units digit of 10624194?
4
What is the hundred thousands digit of 9569751?
5
What is the hundred thousands digit of 8362936?
3
What is the thousands digit of 9060951?
0
What is the ten thousands digit of 8518323?
1
What is the ten thousands digit of 1518398?
1
What is the ten millions digit of 14879316?
1
What is the ten thousands digit of 301738?
0
What is the thousands digit of 1191873?
1
What is the units digit of 3883039?
9
What is the hundreds digit of 76058?
0
What is the thousands digit of 5936517?
6
What is the thousands digit of 5768207?
8
What is the thousands digit of 40028259?
8
What is the units digit of 158920?
0
What is the hundreds digit of 1671075?
0
What is the units digit of 824917?
7
What is the ten thousands digit of 330639?
3
What is the hundred thousands digit of 5233230?
2
What is the thousands digit of 174205?
4
What is the hundred thousands digit of 3463657?
4
What is the millions digit of 3047698?
3
What is the hundred thousands digit of 8177086?
1
What is the tens digit of 34787831?
3
What is the thousands digit of 7233720?
3
What is the millions digit of 8873202?
8
What is the thousands digit of 200138?
0
What is the hundreds digit of 16370?
3
What is the hundred thousands digit of 232042?
2
What is the hundred thousands digit of 1038964?
0
What is the tens digit of 50970?
7
What is the units digit of 3758931?
1
What is the thousands digit of 1862164?
2
What is the tens digit of 56993?
9
What is the hundreds digit of 991257?
2
What is the units digit of 497954?
4
What is the thousands digit of 1431986?
1
What is the thousands digit of 4501347?
1
What is the hundreds digit of 99789?
7
What is the thousands digit of 1036535?
6
What is the units digit of 693683?
3
What is the hundreds digit of 5579432?
4
What is the tens digit of 8361?
6
What is the tens digit of 623695?
9
What is the thousands digit of 1594352?
4
What is the ten thousands digit of 46210?
4
What is the hundreds digit of 98557?
5
What is the units digit of 1870657?
7
What is the tens digit of 8729117?
1
What is the hundreds digit of 2399503?
5
What is the hundreds digit of 12153128?
1
What is the millions digit of 1556522?
1
What is the tens digit of 260032?
3
What is the millions digit of 1087047?
1
What is the hundred thousands digit of 1494190?
4
What is the hundred thousands digit of 391883?
3
What is the thousands digit of 224871?
4
What is the hundreds digit of 5763395?
3
What is the thousands digit of 8139373?
9
What is the hundreds digit of 2772343?
3
What is the thousands digit of 547008?
7
What is the millions digit of 10374370?
0
What is the thousands digit of 950081?
0
What is the hundred thousands digit of 2812805?
8
What is the units digit of 831278?
8
What is the hundreds digit of 6767?
7
What is the millions digit of 5497355?
5
What is the hundred thousands digit of 1037605?
0
What is the hundreds digit of 2612689?
6
What is the hundred thousands digit of 3449119?
4
What is the hundred thousands digit of 1209638?
2
What is the ten thousands digit of 59450?
5
What is the hundred thousands digit of 4148396?
1
What is the units digit of 727559?
9
What is the hundreds digit of 89583?
5
What is the hundreds digit of 1684090?
0
What is the ten thousands digit of 176028?
7
What is the thousands digit of 1960004?
0
What is the hundreds digit of 12163673?
6
What is the hundreds digit of 587176?
1
What is the millions digit of 14231355?
4
What is the units digit of 1104